{"id":2743,"date":"2022-12-22T06:14:06","date_gmt":"2022-12-22T06:14:06","guid":{"rendered":"https:\/\/jivacareer.org\/?page_id=2743"},"modified":"2022-12-22T06:40:20","modified_gmt":"2022-12-22T06:40:20","slug":"ijclp-volume-8","status":"publish","type":"page","link":"https:\/\/jivacareer.org\/?page_id=2743","title":{"rendered":"IJCLP Volume 8"},"content":{"rendered":"\t\t<div data-elementor-type=\"wp-page\" data-elementor-id=\"2743\" class=\"elementor elementor-2743\">\n\t\t\t\t\t\t<section class=\"elementor-section elementor-top-section elementor-element elementor-element-e0d76f1 elementor-section-boxed elementor-section-height-default elementor-section-height-default\" data-id=\"e0d76f1\" data-element_type=\"section\">\n\t\t\t\t\t\t<div class=\"elementor-container elementor-column-gap-default\">\n\t\t\t\t\t<div class=\"elementor-column elementor-col-33 elementor-top-column elementor-element elementor-element-abb906a\" data-id=\"abb906a\" data-element_type=\"column\">\n\t\t\t<div class=\"elementor-widget-wrap elementor-element-populated\">\n\t\t\t\t\t\t<div class=\"elementor-element elementor-element-82fe699 elementor-widget elementor-widget-text-editor\" data-id=\"82fe699\" data-element_type=\"widget\" data-widget_type=\"text-editor.default\">\n\t\t\t\t<div class=\"elementor-widget-container\">\n\t\t\t<style>\/*! elementor - v3.23.0 - 05-08-2024 *\/\n.elementor-widget-text-editor.elementor-drop-cap-view-stacked .elementor-drop-cap{background-color:#69727d;color:#fff}.elementor-widget-text-editor.elementor-drop-cap-view-framed .elementor-drop-cap{color:#69727d;border:3px solid;background-color:transparent}.elementor-widget-text-editor:not(.elementor-drop-cap-view-default) .elementor-drop-cap{margin-top:8px}.elementor-widget-text-editor:not(.elementor-drop-cap-view-default) .elementor-drop-cap-letter{width:1em;height:1em}.elementor-widget-text-editor .elementor-drop-cap{float:left;text-align:center;line-height:1;font-size:50px}.elementor-widget-text-editor .elementor-drop-cap-letter{display:inline-block}<\/style>\t\t\t\t<h2 style=\"text-align: center;\"><span style=\"color: #ffffff;\">IJCLP, Volume 8, Issue 1,\u00a0<\/span><\/h2><h2 style=\"text-align: center;\"><span style=\"color: #ffffff;\">December 2019.<\/span><\/h2>\t\t\t\t\t\t<\/div>\n\t\t\t\t<\/div>\n\t\t\t\t\t<\/div>\n\t\t<\/div>\n\t\t\t\t<div class=\"elementor-column elementor-col-66 elementor-top-column elementor-element elementor-element-dadaf3e\" data-id=\"dadaf3e\" data-element_type=\"column\">\n\t\t\t<div class=\"elementor-widget-wrap elementor-element-populated\">\n\t\t\t\t\t\t<div class=\"elementor-element elementor-element-a22111f elementor-widget elementor-widget-text-editor\" data-id=\"a22111f\" data-element_type=\"widget\" data-widget_type=\"text-editor.default\">\n\t\t\t\t<div class=\"elementor-widget-container\">\n\t\t\t\t\t\t\t<p style=\"text-align: center;\"><span style=\"color: #000000;\"><strong>CONTENTS<\/strong><\/span><\/p><p style=\"text-align: center;\"><em><span style=\"color: #000000;\">Please click on the title of the article that you wish to view download.<\/span><\/em><\/p><p><a href=\"http:\/\/jivacareer.org\/wp-content\/uploads\/2022\/12\/1-Editorial-3.pdf\" target=\"_blank\" rel=\"noopener\"><span style=\"color: #000000;\">1. Guest Editorial: The Draft New Education Policy 2019: Many Promises for Career Professionals.\u00a0 <strong>Glenn C. Kharkongor.<\/strong><\/span><\/a><\/p><p><a href=\"http:\/\/jivacareer.org\/wp-content\/uploads\/2022\/12\/2-Arur-and-Sharma.pdf\" target=\"_blank\" rel=\"noopener\"><span style=\"color: #000000;\">3.\u00a0 The Sustainable Development Goals (SDGs) as Semiotic Resources in Career Guidance: Exploring a 10th Grade Boy\u2019s Sociopolitical Motivations in Delhi, India. <strong>Aditi Arur and Mansi Sharma.<\/strong><\/span><\/a><\/p><p><a href=\"http:\/\/jivacareer.org\/wp-content\/uploads\/2022\/12\/3-Gert-van-Brussel.pdf\" target=\"_blank\" rel=\"noopener\"><span style=\"color: #000000;\">17.\u00a0 Sustainable Employability and Continuous Career Development: Experiencing the Value of Core Qualities. <strong>Gert van Brussel.\u00a0<\/strong><\/span><\/a><\/p><p><a href=\"http:\/\/jivacareer.org\/wp-content\/uploads\/2022\/12\/4-Kim-and-Mimura.pdf\" target=\"_blank\" rel=\"noopener\"><span style=\"color: #000000;\">23.\u00a0 A Preliminary Comparison of Career Education for Youth among Ten Asian countries: A Synthesis of Country Reports from the 2017 ARACD Conference. <strong>Hyuncheol Kim and Takao Mimura.\u00a0<\/strong><\/span><\/a><\/p><p><a href=\"http:\/\/jivacareer.org\/wp-content\/uploads\/2022\/12\/5-Girish-Muzumdar.pdf\" target=\"_blank\" rel=\"noopener\"><span style=\"color: #000000;\">29.\u00a0 Career guidance for Persons with Intellectual Disabilities in the Emerging Social Inclusion Context in France. <strong>Girish Muzumdar.<\/strong><\/span><\/a><\/p><p><a href=\"http:\/\/jivacareer.org\/wp-content\/uploads\/2022\/12\/6-Sverko-and-Babarovic.pdf\" target=\"_blank\" rel=\"noopener\"><span style=\"color: #000000;\">36. Protective and Risk Factors in Career Development. <strong>Iva \u0160verko and Toni Babarovi\u0107.<\/strong><\/span><\/a><\/p><p><strong><span style=\"color: #000000;\">FOLLOW UP ARTICLE <a style=\"color: #000000;\" href=\"https:\/\/jivacareer.org\/wp-content\/uploads\/2022\/12\/5-Kjartan-Kversoy-IJCLP.pdf\" target=\"_blank\" rel=\"noopener\">(Click here for Reference to Previous Paper)<\/a><\/span><\/strong><\/p><p><a href=\"http:\/\/jivacareer.org\/wp-content\/uploads\/2022\/12\/7-Kjartan-Skogly-Kversoy.pdf\" target=\"_blank\" rel=\"noopener\"><span style=\"color: #000000;\">45.\u00a0 How can People with Intellectual Disabilities use YouTube as an Alternative Search Engine on the Internet?\u00a0 <strong>Kjartan Skogly Kvers\u00f8y, Abdul-Razak Kuyini Alhassan, Eva Daae Kvers\u00f8y and Sofie Daae Kvers\u00f8y.\u00a0<\/strong><\/span><\/a><\/p><p><strong><span style=\"color: #000000;\">PRACTITIONER\u2019S REPORT<\/span><\/strong><\/p><p><span style=\"color: #000000;\"><a style=\"color: #000000;\" href=\"http:\/\/jivacareer.org\/wp-content\/uploads\/2022\/12\/8-Stephen-Carrick-Davies.pdf\" target=\"_blank\" rel=\"noopener\">50.\u00a0 Students as Agents of Change in Career Education.\u00a0 <strong>Stephen Carrick-Davies.\u00a0\u00a0<\/strong><\/a><\/span><\/p><p><strong><span style=\"color: #000000;\">MESSAGE<\/span><\/strong><\/p><p><a href=\"http:\/\/jivacareer.org\/wp-content\/uploads\/2022\/12\/9-Letter-IAEVG-President.pdf\" target=\"_blank\" rel=\"noopener\"><span style=\"color: #000000;\">56.\u00a0 A message from the New President of the International Association for Educational and Vocational Guidance (IAEVG). <strong>Gert van Brussel.\u00a0<\/strong><\/span><\/a><\/p>\t\t\t\t\t\t<\/div>\n\t\t\t\t<\/div>\n\t\t\t\t\t<\/div>\n\t\t<\/div>\n\t\t\t\t\t<\/div>\n\t\t<\/section>\n\t\t\t\t<\/div>\n\t\t","protected":false},"excerpt":{"rendered":"<p>IJCLP, Volume 8, Issue 1,\u00a0 December 2019. CONTENTS Please click on the title of the article that you wish to view download. 1. Guest Editorial: The Draft New Education Policy 2019: Many Promises for Career Professionals.\u00a0 Glenn C. Kharkongor. 3.\u00a0 The Sustainable Development Goals (SDGs) as Semiotic Resources in Career Guidance: Exploring a 10th Grade [&hellip;]<\/p>\n","protected":false},"author":1,"featured_media":0,"parent":0,"menu_order":0,"comment_status":"closed","ping_status":"closed","template":"elementor_header_footer","meta":[],"_links":{"self":[{"href":"https:\/\/jivacareer.org\/index.php?rest_route=\/wp\/v2\/pages\/2743"}],"collection":[{"href":"https:\/\/jivacareer.org\/index.php?rest_route=\/wp\/v2\/pages"}],"about":[{"href":"https:\/\/jivacareer.org\/index.php?rest_route=\/wp\/v2\/types\/page"}],"author":[{"embeddable":true,"href":"https:\/\/jivacareer.org\/index.php?rest_route=\/wp\/v2\/users\/1"}],"replies":[{"embeddable":true,"href":"https:\/\/jivacareer.org\/index.php?rest_route=%2Fwp%2Fv2%2Fcomments&post=2743"}],"version-history":[{"count":22,"href":"https:\/\/jivacareer.org\/index.php?rest_route=\/wp\/v2\/pages\/2743\/revisions"}],"predecessor-version":[{"id":2775,"href":"https:\/\/jivacareer.org\/index.php?rest_route=\/wp\/v2\/pages\/2743\/revisions\/2775"}],"wp:attachment":[{"href":"https:\/\/jivacareer.org\/index.php?rest_route=%2Fwp%2Fv2%2Fmedia&parent=2743"}],"curies":[{"name":"wp","href":"https:\/\/api.w.org\/{rel}","templated":true}]}}